{"id":1172,"date":"2023-05-18T11:45:49","date_gmt":"2023-05-18T09:45:49","guid":{"rendered":"https:\/\/aicpolska.misjonarze.pl\/?page_id=1172"},"modified":"2023-05-21T10:33:50","modified_gmt":"2023-05-21T08:33:50","slug":"aic-na-swiecie","status":"publish","type":"page","link":"https:\/\/aicpolska.misjonarze.pl\/?page_id=1172","title":{"rendered":"AIC na \u015bwiecie"},"content":{"rendered":"\t\t<div data-elementor-type=\"wp-page\" data-elementor-id=\"1172\" class=\"elementor elementor-1172\">\n\t\t\t\t\t\t<section class=\"elementor-section elementor-top-section elementor-element elementor-element-60f71882 elementor-section-boxed elementor-section-height-default elementor-section-height-default exad-glass-effect-no exad-sticky-section-no\" data-id=\"60f71882\" data-element_type=\"section\" data-e-type=\"section\">\n\t\t\t\t\t\t<div class=\"elementor-container elementor-column-gap-default\">\n\t\t\t\t\t<div class=\"elementor-column elementor-col-100 elementor-top-column elementor-element elementor-element-203ad58c exad-glass-effect-no exad-sticky-section-no\" data-id=\"203ad58c\" data-element_type=\"column\" data-e-type=\"column\">\n\t\t\t<div class=\"elementor-widget-wrap elementor-element-populated\">\n\t\t\t\t\t\t<div class=\"elementor-element elementor-element-7f5c47c4 exad-sticky-section-no exad-glass-effect-no elementor-widget elementor-widget-text-editor\" data-id=\"7f5c47c4\" data-element_type=\"widget\" data-e-type=\"widget\" data-widget_type=\"text-editor.default\">\n\t\t\t\t<div class=\"elementor-widget-container\">\n\t\t\t\t\t\t\t\t\t<p class=\"p1\">W 1617 r., w Ch\u00e2tillon les Dombes, ma\u0142ej wiosce w pobli\u017cu Ma\u00e7on, we Francji \u015bw.\u00a0Wincenty a\u00a0Paulo za\u0142o\u017cy\u0142 pierwsze bractwa, nazwane potem stowarzyszeniami mi\u0142osierdzia. W pewn\u0105 niedziel\u0119 sierpniow\u0105 podczas kazania Wincenty a\u00a0Pulo zach\u0119ci\u0142 swych parafian do zorganizowania pomocy pewnej wielodzietnej rodzinie, ubogiej i\u00a0chorej. Liczni parafianie, zw\u0142aszcza kobiety, poszli udzieli\u0107 pomocy tej rodzinie, ale ich wielkoduszno\u015b\u0107 nie by\u0142a zbyt skuteczna z powodu braku metody. Wincenty a\u00a0Paulo zorganizowa\u0142 w\u00f3wczas t\u0119 pomoc mi\u0142osierdzia. W ten spos\u00f3b powsta\u0142 zal\u0105\u017cek pierwszego bractwa mi\u0142osierdzia, z kt\u00f3rego p\u00f3\u017aniej, r\u00f3wnie\u017c w\u00a0innych regionach Francji, wy\u0142oni\u0142a si\u0119 wielka liczba podobnych grup. Dzia\u0142o si\u0119 to jeszcze za \u017cycia \u015bw. Wincentego. Bractwa organizowane zw\u0142aszcza przez misjonarzy i\u00a0siostry mi\u0142osierdzia mno\u017c\u0105 si\u0119 najpierw na terenie ca\u0142ej Francji, potem, od 1634\u00a0r. we W\u0142oszech, a\u00a0od 1651\u00a0r. w\u00a0Polsce. \u015aw.\u00a0Wincenty by\u0142 pierwszym, kt\u00f3ry znalaz\u0142 dla \u015bwieckich kobiet szczeg\u00f3lne miejsce w Ko\u015bciele, wyznaczy\u0142 im aktywn\u0105 rol\u0119 spo\u0142eczn\u0105, i\u00a0to w duchu solidarno\u015bci z\u00a0potrzebuj\u0105cymi. \u015aw.\u00a0Ludwika de Marillac by\u0142a najbli\u017csz\u0105 wsp\u00f3\u0142pracowniczk\u0105 i\u00a0duchem o\u017cywiaj\u0105cym bractwa mi\u0142osierdzia.<\/p><p class=\"p1\">AIC, Mi\u0119dzynarodowe Stowarzyszenie Bractw Mi\u0142osierdzia wywodzi si\u0119 w\u0142a\u015bnie ze\u00a0wspomnianych bractw. AIC sta\u0142o si\u0119 mi\u0119dzynarodowe niemal\u017ce od pocz\u0105tk\u00f3w, dlatego \u017ce \u015bw.\u00a0Wincenty nalega\u0142 na\u00a0to, co stawa\u0142o si\u0119 rzeczywisto\u015bci\u0105, by\u00a0takie grupy organizowa\u0107 we W\u0142oszech i\u00a0w\u00a0Polsce, a\u00a0z\u00a0biegiem lat powstawa\u0142y w bardzo wielu innych krajach.<\/p><p class=\"p2\"><b>Dzia\u0142alno\u015b\u0107<\/b><\/p><p class=\"p1\">Cz\u0142onkowie bractw mi\u0142osierdzia rozpoczynali dzia\u0142alno\u015b\u0107 od wizyt w domach, ale p\u00f3\u017aniej zdaj\u0105c sobie spraw\u0119 z r\u00f3\u017cnorodno\u015bci potrzeb ubogich, \u015bw.\u00a0Wincenty zach\u0119ca\u0142 bractwa do opracowywania r\u00f3\u017cnych projekt\u00f3w dotycz\u0105cych opieki nad sierotami, wi\u0119\u017aniami i\u00a0chorymi w szpitalach.<\/p><p class=\"p1\">Z up\u0142ywem lat i\u00a0wiek\u00f3w przewodnicz\u0105ca bractw na terenie Francji by\u0142a ni\u0105 r\u00f3wnocze\u015bnie na poziomie mi\u0119dzynarodowym a\u00a0stowarzyszenia cz\u0142onkowskie, autonomiczne, gdy chodzi o typ i formy dzia\u0142alno\u015bci, rejestrowano w centrum w Pary\u017cu, przy ul.\u00a0de\u00a0S\u00e8vres. Wszystkie by\u0142y \u015bci\u015ble zwi\u0105zane z central\u0105 poprzez wsp\u00f3ln\u0105 duchowo\u015b\u0107, kt\u00f3ra je o\u017cywia\u0142a.<\/p><p class=\"p1\">W 1791\u00a0r. po\u00a0raz pierwszy zosta\u0142a wybrana rada oraz przewodnicz\u0105ca mi\u0119dzynarodowa, natomiast stowarzyszenia narodowe zgrupowa\u0142y si\u0119 r\u00f3wnie\u017c na poziomie mi\u0119dzynarodowym pod nazw\u0105:\u00a0<span class=\"s1\"><b><i>Mi\u0119dzynarodowe Stowarzyszenie Bractw Mi\u0142osierdzia<\/i><\/b><\/span>, za\u0142o\u017cone przez \u015bw.\u00a0Wincentego a\u00a0Paulo. Has\u0142em i\u00a0wyzwaniem stowarzyszenia jest nast\u0119puj\u0105ce zdanie:<span class=\"s1\"><b><i>Dzia\u0142a\u0107 razem przeciw r\u00f3\u017cnym formom i\u00a0przyczynom ub\u00f3stwa<\/i><\/b><\/span>.<\/p><p class=\"p2\"><b>AIC dzisiaj. Wizja, duch i cele<\/b><\/p><p class=\"p1\">AIC jest organizacj\u0105 mi\u0119dzynarodow\u0105, pozarz\u0105dow\u0105, w zasadzie \u017ce\u0144sk\u0105, zorganizowan\u0105 na poziomie \u015bwiatowym. Gromadzi ona blisko 100.000 wolontariuszy w ponad 55 krajach na czterech kontynentach. AIC skupia energi\u0119 i pracuje nad wzrostem wsp\u00f3\u0142odpowiedzialno\u015bci spo\u0142ecznej wok\u00f3\u0142 jednego oryginalnego projektu, inspirowanego nauczaniem \u015bw. Wincentego a Paulo a zakorzenionym w rzeczywisto\u015bci danego miejsca. W tym projekcie ludzie pozbawieni \u015brodk\u00f3w do \u017cycia i ci, kt\u00f3rzy znale\u017ali si\u0119 na marginesie spo\u0142ecznym uczestnicz\u0105 w pracach dotycz\u0105cych w\u0142asnego powrotu do \u017cycia spo\u0142ecznego.<\/p><p class=\"p2\"><b>Podstawowy projekt organizacji:<\/b><\/p><p class=\"p1\"><span class=\"s1\"><b><i>by\u0107 si\u0142\u0105 przemieniaj\u0105c\u0105, kt\u00f3ra mierzy si\u0119 z\u00a0r\u00f3\u017cnymi rodzajami ub\u00f3stwa w\u00a0spo\u0142ecze\u0144stwie<\/i><\/b><\/span>\u00a0Projekt ma wiele aspekt\u00f3w i cel\u00f3w: \u2013\u00a0Walczy\u0107 przeciwko wszystkim formom ub\u00f3stwa, niesprawiedliwo\u015bci i\u00a0spo\u0142ecznego wykluczenia poprzez dzia\u0142alno\u015b\u0107, kt\u00f3ra uprzywilejowuje solidarno\u015b\u0107 i\u00a0wzajemn\u0105 blisko\u015b\u0107 spo\u0142eczn\u0105 na danym terenie. \u2013\u00a0Podtrzymywa\u0107, rozpowszechnia\u0107 i\u00a0piel\u0119gnowa\u0107 duchowo\u015b\u0107 wincenty\u0144sk\u0105 oraz bezpo\u015bredni kontakt z\u00a0ubogimi, tak poprzez wizyty w\u00a0ich domach, jak poprzez ka\u017cd\u0105 inn\u0105 form\u0119 dzia\u0142alno\u015bci. \u2013\u00a0W\u0142\u0105cza\u0107 si\u0119, w ca\u0142ym \u015bwiecie, w proces promocji i popierania r\u00f3wnouprawnienia spo\u0142ecznego, szczeg\u00f3lnie kobiet. \u2013\u00a0Wzmacnia\u0107 uczestnictwo ubogich w\u00a0tym celu, aby sami w\u0142\u0105czali si\u0119 aktywnie we w\u0142asny rozw\u00f3j jak i\u00a0rozkwit wsp\u00f3lnoty, do kt\u00f3rej nale\u017c\u0105. \u2013\u00a0Wzmacnia\u0107 wi\u0119zi we wzajemnej wsp\u00f3\u0142pracy, szczeg\u00f3lnie z\u00a0Rodzin\u0105 Wincenty\u0144sk\u0105 i\u00a0rozwija\u0107 wymian\u0119 do\u015bwiadcze\u0144 na\u00a0wszystkich poziomach. \u2013\u00a0Podejmowa\u0107 dzia\u0142ania polityczne, kt\u00f3re mia\u0142yby na celu dokonywanie zmian zastanej rzeczywisto\u015bci. Pog\u0142\u0119bia\u0107 zarazem \u015bwiadomo\u015b\u0107 wsp\u00f3\u0142odpowiedzialno\u015bci wszystkich, kt\u00f3rzy w\u00a0tej dzia\u0142alno\u015bci bior\u0105 udzia\u0142, pocz\u0105wszy od zarz\u0105du i\u00a0cz\u0142onk\u00f3w organizm\u00f3w mi\u0119dzynarodowych, a\u017c\u00a0do ekip, kt\u00f3re s\u0105 na\u00a0miejscu, a\u00a0tak\u017ce samych ubogich.<\/p><p class=\"p2\"><b>AIC pe\u0142ni okre\u015blon\u0105 rol\u0119 i podejmuje konkretne zadania:<\/b><\/p><p class=\"p1\">\u2013\u00a0Jest rzeczywi\u015bcie obecna na danym terenie. Ekipy utworzone wy\u0142\u0105cznie z\u00a0wolontariuszy, kt\u00f3rzy s\u0105 na\u00a0miejscu, odpowiadaj\u0105 na potrzeby ubogich w \u0142onie wsp\u00f3lnot, do kt\u00f3rych nale\u017c\u0105. Te ekipy podejmuj\u0105 projekty dobrze zakorzenione w\u00a0rzeczywisto\u015bci miejscowej. Pozwalaj\u0105 one najbardziej ubogim wypracowa\u0107 ich w\u0142asne projekty.<\/p><p class=\"p1\">\u2013\u00a0O\u017cywia wra\u017cliwo\u015b\u0107 spo\u0142eczn\u0105 oraz opinii publicznej na\u00a0dotkliwe problemy wykluczenia spo\u0142ecznego. Dokonuje si\u0119 to poprzez wyzwania przedstawiane miejscowym w\u0142adzom a\u00a0tak\u017ce organizmom narodowym i\u00a0mi\u0119dzynarodowym, cywilnym i\u00a0ko\u015bcielnym, dotycz\u0105ce gwa\u0142cenia praw ludzkich, potrzeb i\u00a0aspiracji ludzi wykluczonych, kobiet oraz rodziny.<\/p><p class=\"p1\">\u2013\u00a0Formuje wolontariuszy do \u017cycia i\u00a0dzia\u0142alno\u015bci w\u00a0duchu \u015bw.\u00a0Wincentego a\u00a0Paulo.<\/p><p class=\"p1\">\u2013 Rozwija kompetencje wolontariuszy k\u0142ad\u0105c nacisk na wielowymiarowo\u015b\u0107 przyczyn i skutk\u00f3w ub\u00f3stwa, promuje uczestnictwo i partnerstwo ludzi, kt\u00f3rzy korzystaj\u0105 z pomocy; przygotowuje ich do\u00a0 wsp\u00f3\u0142odpowiedzialno\u015bci spo\u0142ecznej i pracy z innymi.<\/p><p class=\"p2\"><b>Obecno\u015b\u0107 AIC w organizmach mi\u0119dzynarodowych<\/b><\/p><p class=\"p1\">Cz\u0142onkowie AIC maj\u0105 \u015bwiadomo\u015b\u0107 wagi w\u0142asnej reprezentatywno\u015bci (100.000 wolontariuszy) oraz do\u015bwiadczenia w dziedzinie walki z ub\u00f3stwem. S\u0105 zatem aktywni w nast\u0119puj\u0105cych organizmach mi\u0119dzynarodowych: UNESCO, ECOSOC (Rada Ekonomiczna i Spo\u0142eczna Narod\u00f3w Zjednoczonych), Rada Europy, Konferencja OIC (Mi\u0119dzynarodowe Organizacje Katolickie), EAPN (Europejska Sie\u0107 Walki Przeciwko Ub\u00f3stwu), Crescendo (Europejska sie\u0107 troski o humanistyczny i chrze\u015bcija\u0144skie styl starzenia si\u0119).<\/p><p class=\"p1\">Przedstawiciele AIC podejmuj\u0105 wa\u017cn\u0105 misj\u0119 przekazywania w\u0142asnego podstawowego do\u015bwiadczenia organizmom mi\u0119dzynarodowym. Informuj\u0105 te\u017c rzesze cz\u0142on\u00f3w AIC o\u00a0wielkich priorytetowych tematach dotycz\u0105cych walki z\u00a0r\u00f3\u017cnymi postaciami ub\u00f3stwa i\u00a0jego przyczynami. W\u00a0imieniu AIC jego reprezentanci wp\u0142ywaj\u0105 na\u00a0formu\u0142owanie w\u00a0mi\u0119dzynarodowej polityce spo\u0142ecznej jej pierwszorz\u0119dnego celu, tzn.\u00a0wspomagania najbardziej ubogich, a\u00a0zw\u0142aszcza kobiet wykluczonych.<\/p><p class=\"p2\"><b>Prace apostolskie, dzia\u0142alno\u015b\u0107 i\u00a0projekty stowarzysze\u0144 AIC w\u00a0\u015bwiecie:<\/b><\/p><ul class=\"ul1\"><li class=\"li3\"><span class=\"s2\">8976\u00a0projekt\u00f3w towarzyszenia osobom potrzebuj\u0105cym;<\/span><\/li><li class=\"li3\"><span class=\"s2\">2493\u00a0projekty odbudowy wi\u0119zi spo\u0142ecznych;<\/span><\/li><li class=\"li3\"><span class=\"s2\">2460\u00a0projekt\u00f3w rozwoju wsp\u00f3lnot;<\/span><\/li><li class=\"li3\"><span class=\"s2\">1841\u00a0projekt\u00f3w wsp\u00f3\u0142dzia\u0142ania z osobami w podesz\u0142ym wieku;<\/span><\/li><li class=\"li3\"><span class=\"s2\">1694\u00a0projekty promocji kobiety;<\/span><\/li><li class=\"li3\"><span class=\"s2\">969\u00a0projekt\u00f3w poprawy warunk\u00f3w zdrowotnych;<\/span><\/li><li class=\"li3\"><span class=\"s2\">921\u00a0projekt\u00f3w solidarnego przyj\u0119cia do \u017cycia w\u00a0spo\u0142eczno\u015bci;<\/span><\/li><li class=\"li3\"><span class=\"s2\">527\u00a0projekt\u00f3w zwi\u0105zanych z\u00a0wykszta\u0142ceniem i\u00a0wychowaniem;<\/span><\/li><li class=\"li3\"><span class=\"s2\">443\u00a0projekty dotycz\u0105ce ludzi migruj\u0105cych z\u00a0kraju do\u00a0kraju;<\/span><\/li><li class=\"li3\"><span class=\"s2\">429\u00a0projekt\u00f3w zaopatrzenia w\u00a0\u015brodki do \u017cycia oraz \u017cywienia ludzi;<\/span><\/li><li class=\"li3\"><span class=\"s2\">427\u00a0projekt\u00f3w dotycz\u0105cych wyzyskiwania dobrych warunk\u00f3w produkcyjnych i\u00a0tworzenia dochod\u00f3w;<\/span><\/li><li class=\"li3\"><span class=\"s2\">\u00a0uczestniczenie w\u00a0projektach wsp\u00f3lnych ca\u0142ej Rodziny Wincenty\u0144skiej dotycz\u0105cych walki z\u00a0g\u0142odem i\u00a0malari\u0105.<\/span><\/li><\/ul><p class=\"p1\">We wszystkich wymienionych projektach AIC anga\u017cuje si\u0119 w\u00a0przekazywanie warto\u015bci ewangelicznych w duchu \u015bw. Wincentego a\u00a0Paulo, dzi\u0119ki blisko\u015bci z\u00a0najbardziej ubogimi. Szuka r\u00f3wnie\u017c sposob\u00f3w, by dawa\u0107 widoczne \u015bwiadectwo mi\u0142o\u015bci Chrystusa do ubogich i\u00a0czyni\u0107 bardziej przekonywuj\u0105cym Bo\u017cy plan rozwoju i\u00a0zbawienia do cz\u0142owieka.<\/p><p class=\"p2\"><b>1. Liczba cz\u0142onk\u00f3w AIC<\/b><\/p><p class=\"p1\">Oko\u0142o 100.000.<\/p><p class=\"p2\"><b>2. Kraje, w kt\u00f3rych istnieje AIC<\/b><\/p><p class=\"p1\"><span class=\"s1\"><b>Afryka i Madagaskar:<\/b><\/span> Burundi, Kamerun, Czad, Madagaskar, Ethiopia, Mozambik, Nigeria, RD Kongo, Republika Po\u0142udniowej Afryki,<\/p><p class=\"p1\"><span class=\"s1\"><b>Ameryka \u0141aci\u0144ska:<\/b><\/span> Argentyna, Boliwia, Brazylia, Chile, Kolumbia, Kostaryka, Kuba, Cura\u00e7ao, Dominikana, San Salwador, Ekwador, Gwatemala, Gujana, Haiti, Honduras, Meksyk, Nikaragua, Panama, Paragwaj, Peru, Porto Rico, Wenezuela,<\/p><p class=\"p1\"><span class=\"s1\"><b>Azja:<\/b><\/span> Kambod\u017ca, India, Indonezja, Japonia, Laos, Filipiny, Tajwan, Tajlandia, Wietnam,<\/p><p class=\"p2\"><b>Stany Zjednoczone Ameryki P\u00f3\u0142nocnej,<\/b><\/p><p class=\"p1\"><span class=\"s1\"><b>Europa, Bliski Wsch\u00f3d:<\/b><\/span> Belgia, Egipt, Francja, Niemcy, Irlandia, W\u0142ochy, Hiszpania, Liban, Polska, Portugalia, S\u0142owacja, Syria, Szwajcaria, Ukraina, Wielka Brytania.<\/p>\t\t\t\t\t\t\t\t<\/div>\n\t\t\t\t<\/div>\n\t\t\t\t\t<\/div>\n\t\t<\/div>\n\t\t\t\t\t<\/div>\n\t\t<\/section>\n\t\t\t\t<\/div>\n\t\t","protected":false},"excerpt":{"rendered":"<p>W 1617 r., w Ch\u00e2tillon les Dombes, ma\u0142ej wiosce w pobli\u017cu Ma\u00e7on, we Francji \u015bw.\u00a0Wincenty a\u00a0Paulo za\u0142o\u017cy\u0142 pierwsze bractwa, nazwane potem stowarzyszeniami mi\u0142osierdzia. W pewn\u0105 niedziel\u0119 sierpniow\u0105 podczas kazania Wincenty a\u00a0Pulo zach\u0119ci\u0142 swych parafian do zorganizowania pomocy pewnej wielodzietnej rodzinie, ubogiej i\u00a0chorej. Liczni parafianie, zw\u0142aszcza kobiety, poszli udzieli\u0107 pomocy tej rodzinie, ale ich wielkoduszno\u015b\u0107 nie by\u0142a zbyt skuteczna z powodu [&hellip;]<\/p>\n","protected":false},"author":1,"featured_media":0,"parent":0,"menu_order":0,"comment_status":"closed","ping_status":"closed","template":"","meta":{"footnotes":""},"class_list":["post-1172","page","type-page","status-publish","hentry"],"_links":{"self":[{"href":"https:\/\/aicpolska.misjonarze.pl\/index.php?rest_route=\/wp\/v2\/pages\/1172","targetHints":{"allow":["GET"]}}],"collection":[{"href":"https:\/\/aicpolska.misjonarze.pl\/index.php?rest_route=\/wp\/v2\/pages"}],"about":[{"href":"https:\/\/aicpolska.misjonarze.pl\/index.php?rest_route=\/wp\/v2\/types\/page"}],"author":[{"embeddable":true,"href":"https:\/\/aicpolska.misjonarze.pl\/index.php?rest_route=\/wp\/v2\/users\/1"}],"replies":[{"embeddable":true,"href":"https:\/\/aicpolska.misjonarze.pl\/index.php?rest_route=%2Fwp%2Fv2%2Fcomments&post=1172"}],"version-history":[{"count":14,"href":"https:\/\/aicpolska.misjonarze.pl\/index.php?rest_route=\/wp\/v2\/pages\/1172\/revisions"}],"predecessor-version":[{"id":1643,"href":"https:\/\/aicpolska.misjonarze.pl\/index.php?rest_route=\/wp\/v2\/pages\/1172\/revisions\/1643"}],"wp:attachment":[{"href":"https:\/\/aicpolska.misjonarze.pl\/index.php?rest_route=%2Fwp%2Fv2%2Fmedia&parent=1172"}],"curies":[{"name":"wp","href":"https:\/\/api.w.org\/{rel}","templated":true}]}}